sor of b and 23.
23
Suppose 3*p = 8*p + 20. Let d be p/(-18) + 1209/27. Let u be ((4 - 24)/(-2))/2. What is the greatest common divisor of u and d?
5
Let o(m) = -2*m**2 - 3*m - 9. Let i be o(4). Let q = i - -242. Calculate the greatest common divisor of 21 and q.
21
Suppose -5*s = -2*q + 16, -2*s - 22 = 3*s + q. Let p be 6/(-4)*s/(-18)*-60. What is the highest common divisor of 140 and p?
20
Let h = -322 + 372. Calculate the highest common factor of 125 and h.
25
Suppose 7*z + 42 = 287. What is the greatest common factor of 140 and z?
35
Suppose 4*x + 0*x + 245 = -3*h, 0 = 4*x + 5*h + 251. Let k be 1/2 + x/(-2). Let b = 633 - 630. What is the highest common factor of b and k?
3
Suppose 0 = 5*r + 3*i + 36, -5*r = -3*i + 14 + 40. Let x(u) = -u - 4. Let f be x(r). Suppose 2*q - 126 = -f*q. What is the greatest common divisor of 54 and q?
18
Let a = 314 + -143. Suppose 0 = 3*m - m - x - a, -5*m + 3*x + 430 = 0. Suppose -217 = -5*r + m. What is the highest common factor of 20 and r?
20
Suppose -3*t + 4*u = -28, -u = 2*t + 2 - 6. Suppose -32 = -6*o - 8. Suppose -o - 56 = -t*x. What is the highest common divisor of x and 90?
15
Let q(t) = t**2 - 4*t - 8. Let s be q(6). Let y = 4 + s. Suppose 0 = -3*d + 5*u + 101, -3*d + 31 = -u - 66. What is the highest common divisor of d and y?
8
Let l = -15 + 39. Let m be -1 - ((-3)/(-3) - 2). Let k be (0 - m) + -1 + 13. What is the greatest common divisor of l and k?
12
Suppose 167 = 3*r + 2*i, 2*i = -2*r + 6*i + 90. Let s = r + -38. What is the greatest common factor of s and 150?
15
Let y(u) = 4*u**2 - 3*u + 2. Let h be y(1). Let t be -3*(-1 + (-5)/h). What is the greatest common factor of t and 64?
8
Suppose -3*r - 12 = -811*x + 809*x, -4*r = -5*x + 44. Let w = 2 - -1. Calculate the highest common factor of x and w.
3
Let o(n) = n**2 - 8*n + 8. Let c be o(7). Let p be 1/(2 - c) + 62. Suppose 15 = u - p. What is the greatest common factor of u and 52?
26
Suppose 0 = 2*r - 5*h - 2159, -r + 1107 = 22*h - 19*h. Calculate the highest common factor of 24 and r.
12
Suppose -5*p + p = 0. Suppose z = -4*h + 1, -h + p*h + 3*z = -10. Suppose -7*j + 2*j + 5 = 0. Calculate the greatest common divisor of j and h.
1
Suppose 11*p - 10*p + 4 = 0, 0 = -2*b - 2*p + 5634. Calculate the highest common divisor of b and 26.
13
Suppose 172 = 2*m - 19*w + 17*w, 4*m = -w + 364. Let n(i) = i**2 + 11*i + 6. Let q be n(-4). Let g = 58 + q. Calculate the highest common factor of g and m.
18
Let x be -117*(1 + 2/(-1)). What is the highest common factor of x and 13?
13
Let n(b) = -3*b + 2. Let w(c) = -2*c + 1. Let v(m) = 3*n(m) - 4*w(m). Let x be v(-9). Calculate the greatest common factor of x and 99.
11
Let m = 185 + -239. Let s = 9 - m. Suppose 64 + 62 = 3*b. What is the highest common divisor of s and b?
21
Suppose -3*b - 2*b - 20 = 0. Let u be (-2 + -3 + -1)*b/3. Calculate the highest common divisor of 16 and u.
8
Suppose 5*r = 25, -4*r + 59 = t - 9*r. Calculate the greatest common divisor of t and 24.
12
Suppose -b = d + 10, -d + 32 = 3*b - 8*b. Let n = -272 + 257. Let u = b - n. What is the highest common divisor of u and 56?
8
Let b be (-9)/(-18) + (-45)/(-6) + -2. What is the highest common factor of b and 42?
6
Let m(s) be the third derivative of s**5/60 + 3*s**4/8 - 29*s**3/6 - 6*s**2. Let l be m(-12). Let z = l - -5. What is the highest common factor of z and 132?
12
Suppose -4*p = -3*i - 103, 3*i = -20*p + 18*p + 65. Suppose -336 - 364 = -5*j. What is the highest common factor of p and j?
28
Let u = 110 + -89. What is the highest common factor of u and 63?
21
Let j(v) = -48*v + 112. Let l be j(2). Calculate the greatest common divisor of l and 1296.
16
Let y = 19 - -6. Suppose -5*u = -5*v + 15, 5*u - y = -5*v - 0*u. Suppose 92 = -0*f + v*f. What is the greatest common divisor of f and 161?
23
Let f(k) = k + 2. Let x be f(-2). Let r be x*(-2)/4 - 4. Let j be r/2 - (-3 + -115). What is the greatest common factor of j and 29?
29
Let u = 1210 - 1090. What is the highest common factor of u and 200?
40
Suppose 5*m - 3*m = 2*n, 0 = -4*n - 2*m - 6. Let w be (n/(-2))/((-4)/(-1224)). Suppose -3*j = -0*j - w. Calculate the highest common divisor of j and 17.
17
Suppose 0 = -6*j - 6*j + 2496. Let m be -1*(-23 + -1 + -2). What is the greatest common divisor of m and j?
26
Let b(l) = 7*l**2 + 3*l. Let s be b(3). Let c(v) = -v**2 - 6*v + 6. Let x be c(-6). Suppose x*z - 4 = 44. Calculate the highest common factor of s and z.
8
Let t(d) = -d**3 - 11*d**2 + d - 33. Let g be t(-11). Let s = g + 61. Calculate the greatest common factor of s and 136.
17
Let v = 20 + -40. Let q be (12/(-10))/((-6)/v). Let i be (-700)/(-13) + q/(-26). Calculate the greatest common divisor of 27 and i.
27
Let l be ((-8)/5)/(2/(-55)). Suppose 2*o = 6*o - l. What is the highest common divisor of 11 and o?
11
Suppose 0 = -4*n + 3*x - 25 + 113, 2*n = 5*x + 30. Let i be -4 - -79*(-2 + 3). What is the greatest common factor of i and n?
25
Let g(b) = -b + 1 + 6 + 4*b**2 - 6. Let v be g(1). Let j be v/16 + (-150)/(-8). What is the highest common factor of j and 57?
19
Let x(p) = 2*p**2 - 26*p + 32. Let r be x(17). Calculate the greatest common factor of 96 and r.
24
Suppose -31*x = -19*x - 2664. Let n be (-5 - -1)*(1 - 2). Suppose 0 = n*r - u - 183, -u = -r + 6*r - x. Calculate the greatest common divisor of r and 9.
9
Let o = -71 + 76. Let m be o - (-4 + 1 + (8 - 6)). What is the greatest common factor of m and 6?
6
Let m = 58 + -51. Let g(h) = 2*h**3 - 5*h**2 - 6*h + 8. Let x be g(6). Suppose x = 3*r + r. What is the highest common factor of r and m?
7
Let t be (-3)/6*-1*64/8. Suppose 0 = t*a - 5*u - 101, 3*a - 7*a = -2*u - 110. Calculate the highest common factor of 58 and a.
29
Let m(l) = -2*l + 54. Let z be m(22). Calculate the greatest common factor of 290 and z.
10
Suppose -302 - 2138 = -4*m - 4*w, 3*w = 3*m - 1842. What is the greatest common factor of 68 and m?
68
Let l = 299 + 239. Suppose 2*v = -3*x + 433, l = 3*v + 3*x - 104. Suppose 2*s - 30 = -2*m, 0*s + 3*s + 50 = 2*m. What is the greatest common divisor of v and m?
19
Suppose 486 - 422 = 2*a. Calculate the greatest common divisor of a and 80.
16
Let x(j) = -24*j + 46. Let u be x(-4). Suppose -u = -8*g + 130. Calculate the highest common divisor of g and 68.
34
Let a be (9/6)/((-6)/(-32)). Suppose 43*q - 42*q = -4*g, 5*q - 3*g = 46. Calculate the highest common divisor of q and a.
8
Let a be -15 + 5 - -8 - -27. What is the highest common divisor of a and 60?
5
Let r = 75 + -21. Let f(y) = -y**2 + 9*y + 325. Let c be f(-10). What is the greatest common divisor of r and c?
27
Let v be 1/(3/(-36)*-2). Suppose -v*a = -a. Suppose a = 5*w + 4 - 24. Calculate the greatest common divisor of 44 and w.
4
Let a = 6 + 4. Suppose 5*d = 6 + 9. Suppose -d*g + 8 = -g. What is the highest common factor of g and a?
2
Let s = 99 + -47. Calculate the highest common divisor of 13 and s.
13
Let k = 626 - 345. Suppose -r + 3*s = -5*r + 575, 2*r = 5*s + k. Let y be 89/7 - (-12)/42. Calculate the greatest common factor of r and y.
13
Suppose 3*d + d - 28 = 0. Let c = 7 - d. Let v(i) = -i**3 + i + 26. Let o be v(c). Calculate the highest common divisor of o and 65.
13
Let w = -1709 - -1723. Calculate the highest common divisor of w and 1834.
14
Let s(d) = -22*d + 440. Let x be s(16). What is the highest common divisor of 319 and x?
11
Let r(o) = -o + 1. Let h be r(-1). Suppose 0 = b + 4*m + 20 - 64, 3*b = h*m + 62. Calculate the greatest common divisor of 3 and b.
3
Let z be (16/14)/((-12)/(-56))*(-66)/(-44). Let d be (3 - 2) + 2*8. Let n = d - 9. What is the greatest common divisor of n and z?
8
Suppose 0*s + 6 = s - 4*l, 3*s - 5*l - 18 = 0. Let a = 13 + s. Calculate the highest common factor of 57 and a.
19
Suppose 48*t - 69*t = -1134. What is the highest common factor of t and 153?
9
Let i = 2 + 5. Calculate the greatest common divisor of i and 427.
7
Suppose -4*s = -4*h + 2*h - 464, 5*h - 220 = -2*s. Calculate the highest common factor of s and 20.
5
Suppose v + 25*m = 21*m + 21, v = -5*m + 26. Calculate the highest common divisor of 37 and v.
1
Suppose -5*g + 3*h + 2 = h, 2*g + 2 = -2*h. Suppose 4*p + u - 867 = g, -2*p + 5*u + 201 = -p. What is the highest common divisor of p and 27?
27
Suppose 4*r - 21 - 134 = -3*m, -5*m + 4*